What is the tens digit of g(6)?
8
Suppose -3*r = 4 + 2. Let f(p) = -p. Let n be f(r). Suppose -5*g = -4*m - 101, 2*g = -g - n*m + 43. What is the units digit of g?
7
Let f(h) = 21*h**3 + 3*h - 2. Let a be f(1). Let m = a - -84. What is the hundreds digit of m?
1
Suppose w - g + 0*g - 752 = 0, 5*w - 4*g - 3764 = 0. What is the hundreds digit of w?
7
Let d(v) be the third derivative of v**5/60 + v**3/6 - 3*v**2. Let r be d(3). Suppose -c + 21 + r = 0. What is the tens digit of c?
3
Let c(d) = 44*d - 1. Let z(h) = 29*h - 1. Let n(g) = 5*c(g) - 7*z(g). What is the tens digit of n(3)?
5
Let h be 3/24 - 207/(-72). What is the tens digit of (0 - h - -1) + 17?
1
What is the tens digit of ((-3)/9 + 1)*711?
7
Suppose 0 = 129*j - 114*j - 31275. What is the hundreds digit of j?
0
Let j(p) = -211*p - 11. What is the hundreds digit of j(-8)?
6
Let c(m) = -2 - 6*m + 13*m - 3*m**2 + m**3 - 4*m**2. Suppose t - 2 = 4. What is the units digit of c(t)?
4
Let t(p) = -3*p + 2. Suppose -k = -2*k - 10. Let c = -20 - k. What is the units digit of t(c)?
2
Let h(f) = 42*f + 2. Let p(x) = -x**2 - 1. Let t be p(0). Let z be h(t). Let v = z - -71. What is the units digit of v?
1
Suppose 602 = 3*a - 3*s - 796, 5*a - 3*s - 2340 = 0. What is the tens digit of a?
7
Let d be 0/(4 - 1 - 5). Suppose 5*a + 200 = -5*u - 0*a, -5*a - 15 = d. Let s = -10 - u. What is the tens digit of s?
2
Suppose -q = -15 - 21. Let h(t) = 180*t - 204. Let x be h(-8). What is the units digit of 1/3 - x/q?
6
Let y(z) = -z + 3. Suppose -13 = -i - 3*n, -i + 0*i - 4*n = -17. Let j be y(i). Let g = 70 - j. What is the tens digit of g?
6
What is the units digit of (-6170)/(-4) + (-50)/(-20)?
5
Suppose 5*y - y = -3*q + 1418, 2*y = -5*q + 716. What is the hundreds digit of y?
3
Suppose -5*u + 5*m = -15, 3*m - 4 = 7*m. Let t(o) = 3*o**2 + o**3 - 5*o + 0*o**u + 0*o. What is the units digit of t(-4)?
4
Suppose 11 = -8*w - 5. What is the units digit of ((-1)/w)/(4/712)?
9
Let o = -5495 + 7726. What is the units digit of o?
1
Suppose 2*g - 90 = -6. Let a = 48 + g. What is the units digit of a?
0
Let x(a) = -5 - 3 + 31*a + 2 - 1. What is the units digit of x(4)?
7
Let a(v) = v**2 + 22*v + 179. What is the hundreds digit of a(26)?
4
Suppose 5*p = -4*t - 11, -5*t - 4*p + 2*p = 18. Suppose 5*a - 3*a + 2 = 0. What is the units digit of 75/12 - a/t?
6
Suppose -4*f = -8, 4*i - 9*i = 3*f - 3151. What is the units digit of i?
9
Suppose -2*l - 2 = 0, 209 = 2*u + u + l. What is the tens digit of (63/15)/(6/u)?
4
Let v(u) = 9*u + 16 + 1 + 23. What is the units digit of v(6)?
4
Suppose 0 = -d + 5 - 3. Suppose -3*h = -4*r - 55, h - 4*r - 19 = -d*r. Let i = 30 - h. What is the tens digit of i?
1
Let f = 253 - 176. Suppose 5*y - 220 = 5*a, -5*a - 2*y - 293 = -45. Let z = a + f. What is the units digit of z?
9
Suppose -54*y + 246234 = 44436. What is the hundreds digit of y?
7
Let t(a) = a + 3. Let o be t(-3). Suppose 0*l + l - 51 = o. What is the units digit of l?
1
Suppose 357 = -9*q + 12*q. What is the hundreds digit of q?
1
Suppose -133919 - 215605 = -73*l. What is the units digit of l?
8
Let o(c) be the first derivative of -2*c + 11/3*c**3 + 0*c**2 - 2. What is the tens digit of o(2)?
4
Suppose 0*o - 1796 = -2*j - 3*o, 4*o = -4*j + 3592. What is the tens digit of j?
9
Suppose 63*q = 51*q + 11604. What is the units digit of q?
7
Let w(t) = 2*t**3 - 10*t**2 - 13*t + 7. Suppose 0 = -4*i + 13 + 15. What is the hundreds digit of w(i)?
1
Let h(b) = b**3 + 3*b**2 - 4*b - 3. Let f be h(-3). Let y(k) = 7*k - 19. What is the tens digit of y(f)?
4
Suppose 59*l = 56*l - 75. What is the units digit of -1 - 1 - (l + 13)?
0
Let w be 6/(((-4)/(-10) + 0)*5). Suppose -940 = -13*y + w*y. What is the tens digit of y?
9
Let p = -1582 + 4189. What is the hundreds digit of p?
6
Suppose -44*j - 246 = -3*y - 47*j, -3*y + 3*j + 246 = 0. What is the tens digit of y?
8
Let f(n) be the first derivative of n**5/120 - n**4/12 - n**3 - 1. Let j(x) be the third derivative of f(x). What is the units digit of j(4)?
2
Suppose -5*z - 2590 = -5*g, -5*g - 2*z = -3*z - 2586. What is the hundreds digit of g?
5
Suppose -2*s = -0*y + 3*y + 12, -3*y = -12. Let k = s + -2. Let m = 18 + k. What is the units digit of m?
4
Let x(y) = -y**3 + 2*y - 6. Let z be x(-3). Suppose 0 = -3*j + z, -5*m + 5*j + 87 = -m. What is the units digit of m?
8
Suppose -12*b = -9*b - 1605. What is the tens digit of b?
3
Suppose 5 + 5 = 2*y. Let v(l) = l + 11. Let d be v(8). Let g = d - y. What is the tens digit of g?
1
Suppose 3*f + 18 = 5*t, -2*f + f - 10 = -3*t. Suppose -3*o = -t*b + 24, -3*b + 5*b = 3*o + 17. Suppose b*s - 5*s - 88 = 0. What is the tens digit of s?
4
What is the tens digit of 8/(-88) + 119730/66?
1
Suppose -93*a + 28*a = -113555. What is the tens digit of a?
4
Let u(a) = 4*a**3 - 10*a**2 + 16*a + 37. What is the hundreds digit of u(9)?
2
Let l = -490 - -1918. What is the tens digit of l?
2
What is the units digit of (-66)/(-143) + 31338/39?
4
Suppose -3*v + 502 = -k, 48*k + 838 = 5*v + 46*k. What is the units digit of v?
6
Let a = 18 + -25. Let q(o) = o + 7. Let u be q(a). Suppose u = -l + 2*r + 48, 0*l + l + 5*r - 62 = 0. What is the units digit of l?
2
Let n = -3 + 15. Let q = n - 12. Suppose q = -5*p - 5*v + 60, -p - v = -4*p + 36. What is the tens digit of p?
1
Let j = -95 - -31. Let p = j + 197. What is the tens digit of p?
3
Let t be (-5)/(15/(-6)) - 3. Let c = t - -3. What is the tens digit of (-2 - -4)/(c/28)?
2
Suppose 12*w - 11*w = -6. Let y(f) = 2*f**2 + 3*f + 14. What is the tens digit of y(w)?
6
Let s = -448 + 288. Let y = -46 - s. What is the units digit of y?
4
Suppose 0 = -8*o + 382 + 898. What is the units digit of o/(-4 - 0)*7/(-2)?
0
Suppose -3*q = -2*y - 37, 5*y = -3*q - 5 + 70. Let g = 38 - q. What is the units digit of g?
3
Let t(h) = 26*h - 2. What is the tens digit of t(1)?
2
Let g(m) = -m. Let h be g(5). Let z(b) be the third derivative of -b**5/60 - b**4/4 - b**3/2 - 6*b**2. What is the units digit of z(h)?
2
Let v = -144 + 15. What is the tens digit of v/6*(-6 + 4)?
4
Suppose 2*p - 6 = -2*r, -5*p + 2*r + 35 = -3*r. Suppose -p*i + 235 = -5*y, -y = 3*i - 0*y - 137. What is the tens digit of i?
4
Let k be ((-6)/4)/((-3)/8). Suppose k*d - 7 = 13. Suppose 2*j = -d*l + 56, -4*l + 0*l + 38 = 5*j. What is the tens digit of l?
1
Suppose -4*w + 4*t = t - 68, -w + 28 = 2*t. Let a = w - -15. What is the tens digit of a?
3
Suppose -1161 - 389 = -5*l. What is the tens digit of l?
1
Suppose -4*p - 5*u + 35 = 0, p + 4*u - 26 = -9. Suppose -p*t = -4*t - 25. What is the tens digit of t?
2
Let n be 7 + -2 + (1 - 0). Let z be 1/(-3) + 662/n. Suppose -6*p + z = -p. What is the tens digit of p?
2
Let c(s) be the second derivative of s**6/360 - s**4/8 + 7*s**3/6 - 5*s. Let y(k) be the second derivative of c(k). What is the tens digit of y(-4)?
1
Suppose -2*t + 76 = -4*z, -z - 58 = 5*t - 303. What is the tens digit of (-2 - 26)*t/(-28)?
4
Let w = 44 + -25. Let c = w + -19. Suppose c = -3*u - 9, 0 = a + 3*u + 1 - 7. What is the units digit of a?
5
Let r(q) = -q - 6. Let p be r(7). Let a(g) = -g - 17. Let l be a(p). What is the units digit of 0/l + (-10)/(-1)?
0
Let o = 44 + -23. Let v be (-1 - o)/((-1)/(-2)). What is the tens digit of 5/((-10)/v) - 0?
2
Suppose 0 = 3*w + 2*q + 47, -76 = 5*w - 3*q + 4*q. Let u be (w/(-4))/((-6)/(-16)). Let c(d) = d**3 - 9*d**2 - 7*d + 5. What is the units digit of c(u)?
5
Let h = 387 - -1952. What is the units digit of h?
9
Let m(s) = -115*s**3 - 3*s - 9. What is the tens digit of m(-2)?
1
Suppose 18 + 0 = 3*p. Suppose -7*d = -p*d - 110. What is the tens digit of d?
1
Suppose 7 = -3*g - 5*v, 0 = -3*v - 1 - 5. What is the tens digit of 27 + (2 - -4)/(3 - g)?
3
Let f(z) = 135*z - 124. What is the tens digit of f(5)?
5
Suppose -3*f = 2*o - 16, -4*f + f = -3*o - 21. Let s(d) = d - 5 - 18*d**2 + f*d + 19*d**2 + 0. What is the units digit of s(-9)?
3
Suppose -v = 4*b - 213, v + b - 198 = -0*v. What is the tens digit of v?
9
Suppose -3 = -3*z + 2*z. Let v(f) = 8*f - z + f + 2*f. What is the units digit of v(2)?
9
Let n(x) = -x**3 - x**2 + x + 1. Let o(a) = -2*a**3 + 5*a**2 + 6*a + 16. Let j(l) = 4*n(l) - o(l). What is the units digit of j(-6)?
8
Suppose -3*w + 2*n + 710 = -6892, -3*w - 5*n = -7581. What is the units digit of w?
2
Suppose 0 = 